{"id":6319,"date":"2022-04-29T13:07:16","date_gmt":"2022-04-29T16:07:16","guid":{"rendered":"https:\/\/soft99.com.br\/lojaoficial\/?post_type=product&#038;p=6319"},"modified":"2025-11-26T13:07:34","modified_gmt":"2025-11-26T16:07:34","slug":"cera-para-carros-brancos-white-cleaner","status":"publish","type":"product","link":"https:\/\/soft99.com.br\/lojaoficial\/produto\/cera-para-carros-brancos-white-cleaner\/","title":{"rendered":"CERA WHITE CLEANER I 350g I Para carros brancos e claros"},"content":{"rendered":"<div><span style=\"font-size: 12pt;\">A<strong> White Cleaner<\/strong>\u00a0\u00e9 uma excelente cera desenvolvida para <strong>carros brancos e cores claras,\u00a0<\/strong>pois ela tem efeito cleaner (limpante) que ajuda na remo\u00e7\u00e3o de encardidos mais resistentes.<\/span><\/div>\n<div><span style=\"font-size: 12pt;\">Em sua formula\u00e7\u00e3o possui pol\u00edmeros abrasivos leves para <strong>remo\u00e7\u00e3o de amarelados<\/strong>, manchas e microrriscos.<\/span><\/div>\n<div><span style=\"font-size: 12pt;\">De f\u00e1cil aplica\u00e7\u00e3o, a <strong>White Cleaner<\/strong> n\u00e3o somente faz a limpeza como d\u00e1 prote\u00e7\u00e3o \u00e0 pintura do ve\u00edculo, formando uma membrana protetora que repele \u00e1gua e sujeira e dificulta a a\u00e7\u00e3o de agentes poluentes.<\/span><\/div>\n<div><span style=\"font-size: 12pt;\"><strong>White Cleaner<\/strong> oferece tamb\u00e9m <strong>prote\u00e7\u00e3o<\/strong> contra raios UVA e UVB com <strong>alto rendimento<\/strong> podendo fazer at\u00e9 <strong>40 carros<\/strong>.<\/span><\/div>\n<div><\/div>\n<div><\/div>\n<div>\n<p><iframe title=\"Tudo sobre a White Cleaner | Cera limpadora da Soft99\" width=\"500\" height=\"281\" src=\"https:\/\/www.youtube.com\/embed\/fZ0JAUEK8us?start=1&#038;feature=oembed\" frameborder=\"0\" allow=\"accelerometer; autoplay; clipboard-write; encrypted-media; gyroscope; picture-in-picture; web-share\" referrerpolicy=\"strict-origin-when-cross-origin\" allowfullscreen><\/iframe><\/p>\n<\/div>\n","protected":false},"excerpt":{"rendered":"<p>Cera desenvolvida para carros de cores brancas e claras<\/p>\n","protected":false},"featured_media":6320,"comment_status":"open","ping_status":"closed","template":"","meta":[],"product_cat":[332,40,99],"product_tag":[238,237,239,226,241,236,242,220,240],"acf":[],"_links":{"self":[{"href":"https:\/\/soft99.com.br\/lojaoficial\/wp-json\/wp\/v2\/product\/6319"}],"collection":[{"href":"https:\/\/soft99.com.br\/lojaoficial\/wp-json\/wp\/v2\/product"}],"about":[{"href":"https:\/\/soft99.com.br\/lojaoficial\/wp-json\/wp\/v2\/types\/product"}],"replies":[{"embeddable":true,"href":"https:\/\/soft99.com.br\/lojaoficial\/wp-json\/wp\/v2\/comments?post=6319"}],"wp:featuredmedia":[{"embeddable":true,"href":"https:\/\/soft99.com.br\/lojaoficial\/wp-json\/wp\/v2\/media\/6320"}],"wp:attachment":[{"href":"https:\/\/soft99.com.br\/lojaoficial\/wp-json\/wp\/v2\/media?parent=6319"}],"wp:term":[{"taxonomy":"product_cat","embeddable":true,"href":"https:\/\/soft99.com.br\/lojaoficial\/wp-json\/wp\/v2\/product_cat?post=6319"},{"taxonomy":"product_tag","embeddable":true,"href":"https:\/\/soft99.com.br\/lojaoficial\/wp-json\/wp\/v2\/product_tag?post=6319"}],"curies":[{"name":"wp","href":"https:\/\/api.w.org\/{rel}","templated":true}]}}