{"id":5750,"date":"2022-04-01T16:08:43","date_gmt":"2022-04-01T19:08:43","guid":{"rendered":"https:\/\/soft99.com.br\/lojaoficial\/product\/fusso-speed-barrier-spray-de-manutencao\/"},"modified":"2024-02-27T14:25:09","modified_gmt":"2024-02-27T17:25:09","slug":"fusso-speed-barrier-spray-de-manutencao","status":"publish","type":"product","link":"https:\/\/soft99.com.br\/lojaoficial\/produto\/fusso-speed-barrier-spray-de-manutencao\/","title":{"rendered":"Fusso Coat Speed Barrier &#8211; Spray de Manuten\u00e7\u00e3o"},"content":{"rendered":"<p>O\u00a0 spray <strong>Fusso Coat Speed &amp; Barrier<\/strong> \u00e9 um <strong>selante<\/strong> em formato spray, com <strong>durabilidade de at\u00e9 6 meses<\/strong>, indicado para manuten\u00e7\u00e3o e prote\u00e7\u00e3o em pinturas automotivas. <strong>Produto \u00e0 base de \u00e1gua<\/strong>, de f\u00e1cil aplica\u00e7\u00e3o, com propriedades hidrof\u00f3bicas e anti-fuligem. <strong>Protege<\/strong> contra microrriscos de lavagem devido \u00e0 camada dura de Fluoropol\u00edmero. Pode ser aplicado em <strong>todas as cores de ve\u00edculos,<\/strong> inclusive em ve\u00edculos com pinturas foscas, carros plotados ou vitrificados. Esse produto pode ser usado na manuten\u00e7\u00e3o de carros com Fusso Coat 12 meses e Fusso F7.<\/p>\n<p>&nbsp;<\/p>\n<p><iframe title=\"Soft99 - Fusso Coat Speed &amp; Barrier\" width=\"500\" height=\"281\" src=\"https:\/\/www.youtube.com\/embed\/Lm6QgPFTyXQ?feature=oembed\" frameborder=\"0\" allow=\"accelerometer; autoplay; clipboard-write; encrypted-media; gyroscope; picture-in-picture; web-share\" referrerpolicy=\"strict-origin-when-cross-origin\" allowfullscreen><\/iframe><\/p>\n","protected":false},"excerpt":{"rendered":"<p>Selante \u00e0 base de \u00e1gua em formato spray<\/p>\n","protected":false},"featured_media":5805,"comment_status":"open","ping_status":"closed","template":"","meta":[],"product_cat":[40,54,99,98],"product_tag":[],"acf":[],"_links":{"self":[{"href":"https:\/\/soft99.com.br\/lojaoficial\/wp-json\/wp\/v2\/product\/5750"}],"collection":[{"href":"https:\/\/soft99.com.br\/lojaoficial\/wp-json\/wp\/v2\/product"}],"about":[{"href":"https:\/\/soft99.com.br\/lojaoficial\/wp-json\/wp\/v2\/types\/product"}],"replies":[{"embeddable":true,"href":"https:\/\/soft99.com.br\/lojaoficial\/wp-json\/wp\/v2\/comments?post=5750"}],"wp:featuredmedia":[{"embeddable":true,"href":"https:\/\/soft99.com.br\/lojaoficial\/wp-json\/wp\/v2\/media\/5805"}],"wp:attachment":[{"href":"https:\/\/soft99.com.br\/lojaoficial\/wp-json\/wp\/v2\/media?parent=5750"}],"wp:term":[{"taxonomy":"product_cat","embeddable":true,"href":"https:\/\/soft99.com.br\/lojaoficial\/wp-json\/wp\/v2\/product_cat?post=5750"},{"taxonomy":"product_tag","embeddable":true,"href":"https:\/\/soft99.com.br\/lojaoficial\/wp-json\/wp\/v2\/product_tag?post=5750"}],"curies":[{"name":"wp","href":"https:\/\/api.w.org\/{rel}","templated":true}]}}