{"id":5734,"date":"2022-04-01T16:08:28","date_gmt":"2022-04-01T19:08:28","guid":{"rendered":"https:\/\/soft99.com.br\/lojaoficial\/product\/esponja-de-pneu-tire-wax\/"},"modified":"2024-02-27T11:50:03","modified_gmt":"2024-02-27T14:50:03","slug":"esponja-de-pneu-tire-wax","status":"publish","type":"product","link":"https:\/\/soft99.com.br\/lojaoficial\/produto\/esponja-de-pneu-tire-wax\/","title":{"rendered":"Esponja de Pneu TIRE WAX"},"content":{"rendered":"<p>Esponja para pneus Tire Wax \u00e9 indicada para aplica\u00e7\u00e3o de produtos nos pneus. Possui uma camada especial que gera economia de produto. Ela tem formato anat\u00f4mico desenvolvido para encaixe perfeito nos pneus e melhor ajuste nas m\u00e3os. Fa\u00e7a a aplica\u00e7\u00e3o sem a necessidade de mover o ve\u00edculo para aplicar na parte em contato com o solo. A esponja Tire Wax possui uma camada de EVA que evita sujar as m\u00e3os.<\/p>\n","protected":false},"excerpt":{"rendered":"<p>Esponja anat\u00f4mica para aplica\u00e7\u00e3o de produtos nos pneus<\/p>\n","protected":false},"featured_media":6023,"comment_status":"open","ping_status":"closed","template":"","meta":[],"product_cat":[69],"product_tag":[],"acf":[],"_links":{"self":[{"href":"https:\/\/soft99.com.br\/lojaoficial\/wp-json\/wp\/v2\/product\/5734"}],"collection":[{"href":"https:\/\/soft99.com.br\/lojaoficial\/wp-json\/wp\/v2\/product"}],"about":[{"href":"https:\/\/soft99.com.br\/lojaoficial\/wp-json\/wp\/v2\/types\/product"}],"replies":[{"embeddable":true,"href":"https:\/\/soft99.com.br\/lojaoficial\/wp-json\/wp\/v2\/comments?post=5734"}],"wp:featuredmedia":[{"embeddable":true,"href":"https:\/\/soft99.com.br\/lojaoficial\/wp-json\/wp\/v2\/media\/6023"}],"wp:attachment":[{"href":"https:\/\/soft99.com.br\/lojaoficial\/wp-json\/wp\/v2\/media?parent=5734"}],"wp:term":[{"taxonomy":"product_cat","embeddable":true,"href":"https:\/\/soft99.com.br\/lojaoficial\/wp-json\/wp\/v2\/product_cat?post=5734"},{"taxonomy":"product_tag","embeddable":true,"href":"https:\/\/soft99.com.br\/lojaoficial\/wp-json\/wp\/v2\/product_tag?post=5734"}],"curies":[{"name":"wp","href":"https:\/\/api.w.org\/{rel}","templated":true}]}}