{"id":5726,"date":"2022-04-01T16:08:27","date_gmt":"2022-04-01T19:08:27","guid":{"rendered":"https:\/\/soft99.com.br\/lojaoficial\/product\/digloss-black-shield-protetor-e-revitalizador\/"},"modified":"2024-02-27T11:41:26","modified_gmt":"2024-02-27T14:41:26","slug":"digloss-black-shield-protetor-e-revitalizador","status":"publish","type":"product","link":"https:\/\/soft99.com.br\/lojaoficial\/produto\/digloss-black-shield-protetor-e-revitalizador\/","title":{"rendered":"DIGLOSS BLACK SHIELD | Protetor e revitalizador de pl\u00e1sticos e borracha"},"content":{"rendered":"<p><strong>Digloss Black Shield<\/strong> \u00e9 um protetor e revitalizador de pl\u00e1stico e borracha de alta performance. Com grande resist\u00eancia, \u00e9 indicado para partes externas, como caixas de roda, motor, molduras, para-choques (n\u00e3o pintados) e tamb\u00e9m em partes de borracha. Revitaliza a pe\u00e7a e a deixa com um aspecto de nova. <strong>Digloss Black Shield<\/strong> cria uma camada que evita que a sujeira pesada n\u00e3o grude e, dessa forma, saia facilmente apenas com um forte jato de \u00e1gua. \u00d3tima rentabilidade, Digloss resiste \u00e0 v\u00e1rias lavagens e <strong>cada aplica\u00e7\u00e3o pode durar por at\u00e9 30 dias.<\/strong><\/p>\n","protected":false},"excerpt":{"rendered":"<p>Protetor e revitalizador de pl\u00e1stico e borracha de alta performance<\/p>\n","protected":false},"featured_media":5901,"comment_status":"open","ping_status":"closed","template":"","meta":[],"product_cat":[41,65],"product_tag":[],"acf":[],"_links":{"self":[{"href":"https:\/\/soft99.com.br\/lojaoficial\/wp-json\/wp\/v2\/product\/5726"}],"collection":[{"href":"https:\/\/soft99.com.br\/lojaoficial\/wp-json\/wp\/v2\/product"}],"about":[{"href":"https:\/\/soft99.com.br\/lojaoficial\/wp-json\/wp\/v2\/types\/product"}],"replies":[{"embeddable":true,"href":"https:\/\/soft99.com.br\/lojaoficial\/wp-json\/wp\/v2\/comments?post=5726"}],"wp:featuredmedia":[{"embeddable":true,"href":"https:\/\/soft99.com.br\/lojaoficial\/wp-json\/wp\/v2\/media\/5901"}],"wp:attachment":[{"href":"https:\/\/soft99.com.br\/lojaoficial\/wp-json\/wp\/v2\/media?parent=5726"}],"wp:term":[{"taxonomy":"product_cat","embeddable":true,"href":"https:\/\/soft99.com.br\/lojaoficial\/wp-json\/wp\/v2\/product_cat?post=5726"},{"taxonomy":"product_tag","embeddable":true,"href":"https:\/\/soft99.com.br\/lojaoficial\/wp-json\/wp\/v2\/product_tag?post=5726"}],"curies":[{"name":"wp","href":"https:\/\/api.w.org\/{rel}","templated":true}]}}