{"id":5718,"date":"2022-04-01T16:08:26","date_gmt":"2022-04-01T19:08:26","guid":{"rendered":"https:\/\/soft99.com.br\/lojaoficial\/product\/clay-bar-smoth-egg\/"},"modified":"2025-12-08T19:18:51","modified_gmt":"2025-12-08T22:18:51","slug":"clay-bar-smoth-egg","status":"publish","type":"product","link":"https:\/\/soft99.com.br\/lojaoficial\/produto\/clay-bar-smoth-egg\/","title":{"rendered":"Clay bar Smoth Egg"},"content":{"rendered":"<p>Clay Bar Smooth Egg \u00e9 um descontaminante de pintura e vidros automotivos que remove res\u00edduos s\u00f3lidos, como limalhas de ferro, res\u00edduos de borracha, pulveriza\u00e7\u00e3o de tinta, entre outros. Seu uso deixa a superf\u00edcie lisa, removendo aquela sensa\u00e7\u00e3o de aspereza.<\/p>\n<p><iframe title=\"SOFT99 - Smooth Egg Clay Bar\" width=\"500\" height=\"281\" src=\"https:\/\/www.youtube.com\/embed\/IFK8An6duHA?feature=oembed\" frameborder=\"0\" allow=\"accelerometer; autoplay; clipboard-write; encrypted-media; gyroscope; picture-in-picture; web-share\" referrerpolicy=\"strict-origin-when-cross-origin\" allowfullscreen><\/iframe><\/p>\n<p>&nbsp;<\/p>\n","protected":false},"excerpt":{"rendered":"<p>Descontaminante de pintura e vidros que dispensa uso de lubrificante e aditivos<\/p>\n","protected":false},"featured_media":5923,"comment_status":"open","ping_status":"closed","template":"","meta":[],"product_cat":[56],"product_tag":[],"acf":[],"_links":{"self":[{"href":"https:\/\/soft99.com.br\/lojaoficial\/wp-json\/wp\/v2\/product\/5718"}],"collection":[{"href":"https:\/\/soft99.com.br\/lojaoficial\/wp-json\/wp\/v2\/product"}],"about":[{"href":"https:\/\/soft99.com.br\/lojaoficial\/wp-json\/wp\/v2\/types\/product"}],"replies":[{"embeddable":true,"href":"https:\/\/soft99.com.br\/lojaoficial\/wp-json\/wp\/v2\/comments?post=5718"}],"wp:featuredmedia":[{"embeddable":true,"href":"https:\/\/soft99.com.br\/lojaoficial\/wp-json\/wp\/v2\/media\/5923"}],"wp:attachment":[{"href":"https:\/\/soft99.com.br\/lojaoficial\/wp-json\/wp\/v2\/media?parent=5718"}],"wp:term":[{"taxonomy":"product_cat","embeddable":true,"href":"https:\/\/soft99.com.br\/lojaoficial\/wp-json\/wp\/v2\/product_cat?post=5718"},{"taxonomy":"product_tag","embeddable":true,"href":"https:\/\/soft99.com.br\/lojaoficial\/wp-json\/wp\/v2\/product_tag?post=5718"}],"curies":[{"name":"wp","href":"https:\/\/api.w.org\/{rel}","templated":true}]}}