{"id":5716,"date":"2022-04-01T16:08:25","date_gmt":"2022-04-01T19:08:25","guid":{"rendered":"https:\/\/soft99.com.br\/lojaoficial\/product\/cera-extreme-gloss-white-cleaner-carnauba-sintetica\/"},"modified":"2024-02-27T11:02:13","modified_gmt":"2024-02-27T14:02:13","slug":"cera-extreme-gloss-white-cleaner-carnauba-sintetica","status":"publish","type":"product","link":"https:\/\/soft99.com.br\/lojaoficial\/produto\/cera-extreme-gloss-white-cleaner-carnauba-sintetica\/","title":{"rendered":"Cera Extreme Gloss White Cleaner \/ Carna\u00faba + Sint\u00e9tica"},"content":{"rendered":"<p>A Extreme Gloss White Cleaner \u00e9 uma cera do tipo h\u00edbrida, ou seja, tem ingredientes naturais (carna\u00faba) e sint\u00e9ticos em sua composi\u00e7\u00e3o. Ela \u00e9 indicada para carros de cores claras, como branco, amarelo, bege, prata, perolizado etc.<\/p>\n","protected":false},"excerpt":{"rendered":"<p>Cera h\u00edbrida com efeito limpante para carros de cores claras<\/p>\n","protected":false},"featured_media":6293,"comment_status":"open","ping_status":"closed","template":"","meta":[],"product_cat":[99,40],"product_tag":[],"acf":[],"_links":{"self":[{"href":"https:\/\/soft99.com.br\/lojaoficial\/wp-json\/wp\/v2\/product\/5716"}],"collection":[{"href":"https:\/\/soft99.com.br\/lojaoficial\/wp-json\/wp\/v2\/product"}],"about":[{"href":"https:\/\/soft99.com.br\/lojaoficial\/wp-json\/wp\/v2\/types\/product"}],"replies":[{"embeddable":true,"href":"https:\/\/soft99.com.br\/lojaoficial\/wp-json\/wp\/v2\/comments?post=5716"}],"wp:featuredmedia":[{"embeddable":true,"href":"https:\/\/soft99.com.br\/lojaoficial\/wp-json\/wp\/v2\/media\/6293"}],"wp:attachment":[{"href":"https:\/\/soft99.com.br\/lojaoficial\/wp-json\/wp\/v2\/media?parent=5716"}],"wp:term":[{"taxonomy":"product_cat","embeddable":true,"href":"https:\/\/soft99.com.br\/lojaoficial\/wp-json\/wp\/v2\/product_cat?post=5716"},{"taxonomy":"product_tag","embeddable":true,"href":"https:\/\/soft99.com.br\/lojaoficial\/wp-json\/wp\/v2\/product_tag?post=5716"}],"curies":[{"name":"wp","href":"https:\/\/api.w.org\/{rel}","templated":true}]}}