{"id":5714,"date":"2022-04-01T16:08:25","date_gmt":"2022-04-01T19:08:25","guid":{"rendered":"https:\/\/soft99.com.br\/lojaoficial\/product\/cera-100-sintetica-the-king-of-gloss-white-cleaner\/"},"modified":"2024-02-27T10:58:03","modified_gmt":"2024-02-27T13:58:03","slug":"cera-100-sintetica-the-king-of-gloss-white","status":"publish","type":"product","link":"https:\/\/soft99.com.br\/lojaoficial\/produto\/cera-100-sintetica-the-king-of-gloss-white\/","title":{"rendered":"Cera 100% Sint\u00e9tica The King of Gloss White"},"content":{"rendered":"<p>The King of Gloss White \u00e9 uma cera 100% sint\u00e9tica desenvolvida para carros de cores claras como branco, prata, bege, amarelo etc. Devido ao seu poder limpante, ela \u00e9 perfeita para a remo\u00e7\u00e3o de amarelados, encardidos e manchas no verniz.<\/p>\n","protected":false},"excerpt":{"rendered":"<p>Cera com efeito limpante desenvolvida somente para tons claros<\/p>\n","protected":false},"featured_media":6290,"comment_status":"open","ping_status":"closed","template":"","meta":[],"product_cat":[99,40],"product_tag":[],"acf":[],"_links":{"self":[{"href":"https:\/\/soft99.com.br\/lojaoficial\/wp-json\/wp\/v2\/product\/5714"}],"collection":[{"href":"https:\/\/soft99.com.br\/lojaoficial\/wp-json\/wp\/v2\/product"}],"about":[{"href":"https:\/\/soft99.com.br\/lojaoficial\/wp-json\/wp\/v2\/types\/product"}],"replies":[{"embeddable":true,"href":"https:\/\/soft99.com.br\/lojaoficial\/wp-json\/wp\/v2\/comments?post=5714"}],"wp:featuredmedia":[{"embeddable":true,"href":"https:\/\/soft99.com.br\/lojaoficial\/wp-json\/wp\/v2\/media\/6290"}],"wp:attachment":[{"href":"https:\/\/soft99.com.br\/lojaoficial\/wp-json\/wp\/v2\/media?parent=5714"}],"wp:term":[{"taxonomy":"product_cat","embeddable":true,"href":"https:\/\/soft99.com.br\/lojaoficial\/wp-json\/wp\/v2\/product_cat?post=5714"},{"taxonomy":"product_tag","embeddable":true,"href":"https:\/\/soft99.com.br\/lojaoficial\/wp-json\/wp\/v2\/product_tag?post=5714"}],"curies":[{"name":"wp","href":"https:\/\/api.w.org\/{rel}","templated":true}]}}