{"id":13442,"date":"2023-08-30T08:53:00","date_gmt":"2023-08-30T11:53:00","guid":{"rendered":"https:\/\/soft99.com.br\/lojaoficial\/?post_type=product&#038;p=13442"},"modified":"2024-03-26T10:36:35","modified_gmt":"2024-03-26T13:36:35","slug":"kit-pincel-automotivo-para-rodas-digross-kamitore","status":"publish","type":"product","link":"https:\/\/soft99.com.br\/lojaoficial\/produto\/kit-pincel-automotivo-para-rodas-digross-kamitore\/","title":{"rendered":"Kit Pincel Automotivo Para Rodas | Digloss Kamitor\u00e9"},"content":{"rendered":"<p>O Kit Pincel Automotivo Para Rodas Digloss Kamitor\u00e9 cont\u00e9m dois pinceis, de tamanhos diferentes, desenvolvidos especialmente para limpeza de rodas automotivas. Por causa de seu designer arrojado, eles s\u00e3o capazes de retirar sujeira de \u00e1reas de dif\u00edcil acesso. Feitos com cerdas naturais, os pinceis da linha Digross Kamitor\u00e9 s\u00e3o ideais para quem n\u00e3o abre m\u00e3o de uma limpeza impec\u00e1vel das rodas.<\/p>\n","protected":false},"excerpt":{"rendered":"<p>O Kit Pincel Automotivo Para Rodas Digloss Kamitor\u00e9 cont\u00e9m dois pinceis, de tamanhos diferentes, desenvolvidos especialmente para limpeza de rodas automotivas. Por causa de seu designer arrojado, eles s\u00e3o capazes de retirar sujeira de \u00e1reas de dif\u00edcil acesso. Feitos com cerdas naturais, os pinceis da linha Digross Kamitor\u00e9 s\u00e3o ideais para quem n\u00e3o abre m\u00e3o [&hellip;]<\/p>\n","protected":false},"featured_media":12884,"comment_status":"open","ping_status":"closed","template":"","meta":[],"product_cat":[296,99,98,304,93,69],"product_tag":[],"acf":[],"_links":{"self":[{"href":"https:\/\/soft99.com.br\/lojaoficial\/wp-json\/wp\/v2\/product\/13442"}],"collection":[{"href":"https:\/\/soft99.com.br\/lojaoficial\/wp-json\/wp\/v2\/product"}],"about":[{"href":"https:\/\/soft99.com.br\/lojaoficial\/wp-json\/wp\/v2\/types\/product"}],"replies":[{"embeddable":true,"href":"https:\/\/soft99.com.br\/lojaoficial\/wp-json\/wp\/v2\/comments?post=13442"}],"wp:featuredmedia":[{"embeddable":true,"href":"https:\/\/soft99.com.br\/lojaoficial\/wp-json\/wp\/v2\/media\/12884"}],"wp:attachment":[{"href":"https:\/\/soft99.com.br\/lojaoficial\/wp-json\/wp\/v2\/media?parent=13442"}],"wp:term":[{"taxonomy":"product_cat","embeddable":true,"href":"https:\/\/soft99.com.br\/lojaoficial\/wp-json\/wp\/v2\/product_cat?post=13442"},{"taxonomy":"product_tag","embeddable":true,"href":"https:\/\/soft99.com.br\/lojaoficial\/wp-json\/wp\/v2\/product_tag?post=13442"}],"curies":[{"name":"wp","href":"https:\/\/api.w.org\/{rel}","templated":true}]}}