{"id":13350,"date":"2023-08-30T08:28:43","date_gmt":"2023-08-30T11:28:43","guid":{"rendered":"https:\/\/soft99.com.br\/lojaoficial\/?post_type=product&#038;p=13350"},"modified":"2024-03-26T10:36:12","modified_gmt":"2024-03-26T13:36:12","slug":"esponja-digloss-kamitore-limpeza-de-rodas","status":"publish","type":"product","link":"https:\/\/soft99.com.br\/lojaoficial\/produto\/esponja-digloss-kamitore-limpeza-de-rodas\/","title":{"rendered":"Esponja Digloss Kamitore | Limpeza de Rodas"},"content":{"rendered":"<p>Esponja Digloss Kamitore \u00e9 um acess\u00f3rio desenvolvido para limpeza das rodas dos ve\u00edculos. Devido ao seu formato, \u00e9 capaz de limpar at\u00e9 os cantos mais dif\u00edceis. Produzida em material altamente resistente, a Esponja Digloss Kamitore \u00e9 imprescind\u00edvel para quem gosta de uma lavagem impec\u00e1vel.<\/p>\n","protected":false},"excerpt":{"rendered":"<p>Esponja Digloss Kamitore \u00e9 um acess\u00f3rio desenvolvido para limpeza das rodas dos ve\u00edculos. Devido ao seu formato, \u00e9 capaz de limpar at\u00e9 os cantos mais dif\u00edceis. Produzida em material altamente resistente, a Esponja Digloss Kamitore \u00e9 imprescind\u00edvel para quem gosta de uma lavagem impec\u00e1vel.<\/p>\n","protected":false},"featured_media":13351,"comment_status":"open","ping_status":"closed","template":"","meta":[],"product_cat":[296,99,98,93,69,52],"product_tag":[],"acf":[],"_links":{"self":[{"href":"https:\/\/soft99.com.br\/lojaoficial\/wp-json\/wp\/v2\/product\/13350"}],"collection":[{"href":"https:\/\/soft99.com.br\/lojaoficial\/wp-json\/wp\/v2\/product"}],"about":[{"href":"https:\/\/soft99.com.br\/lojaoficial\/wp-json\/wp\/v2\/types\/product"}],"replies":[{"embeddable":true,"href":"https:\/\/soft99.com.br\/lojaoficial\/wp-json\/wp\/v2\/comments?post=13350"}],"wp:featuredmedia":[{"embeddable":true,"href":"https:\/\/soft99.com.br\/lojaoficial\/wp-json\/wp\/v2\/media\/13351"}],"wp:attachment":[{"href":"https:\/\/soft99.com.br\/lojaoficial\/wp-json\/wp\/v2\/media?parent=13350"}],"wp:term":[{"taxonomy":"product_cat","embeddable":true,"href":"https:\/\/soft99.com.br\/lojaoficial\/wp-json\/wp\/v2\/product_cat?post=13350"},{"taxonomy":"product_tag","embeddable":true,"href":"https:\/\/soft99.com.br\/lojaoficial\/wp-json\/wp\/v2\/product_tag?post=13350"}],"curies":[{"name":"wp","href":"https:\/\/api.w.org\/{rel}","templated":true}]}}