{"id":12087,"date":"2022-11-30T14:49:44","date_gmt":"2022-11-30T17:49:44","guid":{"rendered":"https:\/\/soft99.com.br\/lojaoficial\/?post_type=product&#038;p=12087"},"modified":"2024-03-26T10:44:02","modified_gmt":"2024-03-26T13:44:02","slug":"boina-de-la-6-polegadas-sem-interface","status":"publish","type":"product","link":"https:\/\/soft99.com.br\/lojaoficial\/produto\/boina-de-la-6-polegadas-sem-interface\/","title":{"rendered":"BOINA DE L\u00c3 \/ 6 Polegadas sem interface"},"content":{"rendered":"<p><strong>L\u00c3 DESENVOLVIDA ESPECIALMENTE PARA POLIMENTO PROFISSIONAL<\/strong>. Este produto foi desenvolvido para agir de forma r\u00e1pida no polimento de corte pesado, se utilizada com polidores de alta abrasividade. Tem como principal caracter\u00edstica\u00a0o poder de corte, pois remove os riscos\u00a0mais profundos,\u00a0marcas de lixa 1.200, casca de laranja acentuada entre outros rapidamente. Possui sistema de colagem especial com alta resist\u00eancia quando trabalhada em altas temperaturas.<\/p>\n","protected":false},"excerpt":{"rendered":"<p>L\u00c3 DESENVOLVIDA ESPECIALMENTE PARA POLIMENTO PROFISSIONAL. Este produto foi desenvolvido para agir de forma r\u00e1pida no polimento de corte pesado, se utilizada com polidores de alta abrasividade. Tem como principal caracter\u00edstica\u00a0o poder de corte, pois remove os riscos\u00a0mais profundos,\u00a0marcas de lixa 1.200, casca de laranja acentuada entre outros rapidamente. Possui sistema de colagem especial com [&hellip;]<\/p>\n","protected":false},"featured_media":12088,"comment_status":"open","ping_status":"closed","template":"","meta":[],"product_cat":[277,143],"product_tag":[],"acf":[],"_links":{"self":[{"href":"https:\/\/soft99.com.br\/lojaoficial\/wp-json\/wp\/v2\/product\/12087"}],"collection":[{"href":"https:\/\/soft99.com.br\/lojaoficial\/wp-json\/wp\/v2\/product"}],"about":[{"href":"https:\/\/soft99.com.br\/lojaoficial\/wp-json\/wp\/v2\/types\/product"}],"replies":[{"embeddable":true,"href":"https:\/\/soft99.com.br\/lojaoficial\/wp-json\/wp\/v2\/comments?post=12087"}],"wp:featuredmedia":[{"embeddable":true,"href":"https:\/\/soft99.com.br\/lojaoficial\/wp-json\/wp\/v2\/media\/12088"}],"wp:attachment":[{"href":"https:\/\/soft99.com.br\/lojaoficial\/wp-json\/wp\/v2\/media?parent=12087"}],"wp:term":[{"taxonomy":"product_cat","embeddable":true,"href":"https:\/\/soft99.com.br\/lojaoficial\/wp-json\/wp\/v2\/product_cat?post=12087"},{"taxonomy":"product_tag","embeddable":true,"href":"https:\/\/soft99.com.br\/lojaoficial\/wp-json\/wp\/v2\/product_tag?post=12087"}],"curies":[{"name":"wp","href":"https:\/\/api.w.org\/{rel}","templated":true}]}}